0
Suppose 9 = r - h - 9, -3*h - 73 = -4*r. Calculate the remainder when r is divided by 8.
3
Let j = -4 + 2. Let t = 0 - j. Suppose -2*g + 4*g - 2 = 0. Calculate the remainder when t is divided by g.
0
Suppose -5*o + 0*o + 15 = 0. Let r(n) = 4*n. Let c(x) = 4*x**2 - 1. Calculate the remainder when c(-3) is divided by r(o).
11
Let d = 15 - 24. Calculate the remainder when -3*(-3 - (-132)/d) is divided by 28.
25
What is the remainder when (-19)/(-2) + 21/14 is divided by 5?
1
Let z(t) = t + 0*t + 1 - 7*t - 2*t. Let v(c) = -c - 7. Let g be v(-6). What is the remainder when 16 is divided by z(g)?
7
Suppose 0 = 2*m - 97 + 29. Calculate the remainder when 168 is divided by m.
32
Let z = 119 + -38. What is the remainder when z is divided by 43?
38
Let q = 11 - 11. Suppose 4*s - 38 - 50 = q. Calculate the remainder when 42 is divided by s.
20
Let v = -140 - -327. Calculate the remainder when v is divided by 47.
46
Suppose -3*x + 207 = -963. Suppose -5*g + 0*g = -x. What is the remainder when g is divided by 27?
24
Let i be 2/1*925/10. Suppose i = 5*l + 40. Calculate the remainder when l is divided by 15.
14
Suppose -7 - 5 = 4*h. Let b(l) = 6*l**2 + 5*l + 4. Let t = -1 + 16. Calculate the remainder when b(h) is divided by t.
13
Suppose -4*j - 12 = -2*o, -j + 42 = o + 3*o. Suppose 4*z + 43 - 339 = 0. What is the remainder when 19 is divided by z/o + 10/(-25)?
5
Suppose 7 = g + 2*i - 19, 3*g - 4*i = 78. Let t(w) = 3*w**2 - 4*w - 1. Calculate the remainder when g is divided by t(3).
12
Suppose -3*d = 2*d + 310. Let f = -29 - d. Calculate the remainder when f is divided by 17.
16
Suppose 101 + 7 = 4*z. What is the remainder when z is divided by 11?
5
Suppose 8*y = 15*y - 63. Calculate the remainder when (-1)/((3/(-35))/3) is divided by y.
8
Let b be 30/9*99/6. Let k = -123 + b. Let a = -37 - k. Calculate the remainder when a is divided by 8.
7
Let q = 30 - 17. Let r(l) = 3*l - 17. What is the remainder when r(q) is divided by 12?
10
Let z(v) = -v**3 + 10*v**2 - 8*v + 8. What is the remainder when 117 is divided by z(9)?
15
Let r be 14/(-5) - (-1)/(-5). Let g be -1 + -1 - 99/r. Suppose -2*k - 5*i + 41 = 0, 3*k + 3*i = k + g. What is the remainder when 14 is divided by k?
6
Suppose 3*y = 360 - 27. Calculate the remainder when y is divided by 19.
16
Let k = -10 - -34. Let q = k + -5. Calculate the remainder when 37 is divided by q.
18
Let r(v) = -v**3 + 8*v**2 + 10. Calculate the remainder when r(7) is divided by 15.
14
Let k = -2 - -5. Suppose 2*m + m = 0. Suppose m = -z - 3*h - 10, -4*h = -5*z + 2*z + 22. What is the remainder when k is divided by z?
1
Suppose 0 = -4*u - 2*k + 20, 20 = 4*u - 5*k - 14. Let d(g) be the first derivative of 11*g**2/2 - g - 1. What is the remainder when d(1) is divided by u?
4
Let m = 187 - 97. Suppose 3*f + 5*p = m, 9*p = -f + 4*p + 40. Calculate the remainder when f is divided by 13.
12
Let i(n) = -n**2 - 11*n - 6. Let u be i(-11). Let c = u + -12. What is the remainder when 34 is divided by (c/8)/((-5)/20)?
7
Suppose 0 = -2*q + 2*i + 20, 0*q = 2*q - i - 23. What is the remainder when 33 is divided by q?
7
Suppose -h + 24 = 3*q, h - 4 = -q + 3*q. Let v be (-276)/(-8) - 2/(-4). Let o = -12 + v. What is the remainder when o is divided by h?
11
Let r(y) = y**2 + y + 2. Let z be r(5). Suppose -4*f + z - 12 = 0. Suppose -30 = -4*c + 6. What is the remainder when c is divided by f?
4
Let j = 5 - 1. Suppose -3*c - 2*c = -15. Suppose 0 = -4*y + 3*m + c, y + y + 5*m - 21 = 0. Calculate the remainder when j is divided by y.
1
Suppose 19 = 4*m + a, 4*a - 6 = m + 2. Let h = 6 + -3. Calculate the remainder when m is divided by h.
1
Let a = -125 - -137. What is the remainder when 21 is divided by a?
9
Suppose t + 3*m + 12 = -t, -3*t + 3*m + 12 = 0. Suppose t = 5*f - f - 40. Calculate the remainder when 27 is divided by f.
7
Suppose -62 = -5*z + q + 41, -2*z - 2*q + 34 = 0. What is the remainder when 76 is divided by z?
16
Let p(m) = m**3 + 3*m**2 + 3. Let b be p(-3). Let h = 8 - b. Let c(v) = -v**2 - 4*v - 1. What is the remainder when h is divided by c(-2)?
2
Let s(o) = 40*o**2 + 4*o - 5. Let q(d) = 79*d**2 + 7*d - 9. Let a(k) = 6*q(k) - 11*s(k). What is the remainder when 98 is divided by a(1)?
32
Suppose 3*z + 2 = 14, -5*z + 16 = -2*q. Suppose 3*o - i = -2*i + 54, 2*i + 28 = q*o. What is the remainder when o is divided by -1*(0 - 1) - -8?
8
Suppose 0 = 5*k + n - 65, 13 = k + 7*n - 2*n. Calculate the remainder when 24 is divided by k.
11
Suppose 3*t - 6 = 12. Let s = -15 + 26. What is the remainder when s is divided by t?
5
What is the remainder when (-11)/(2 + 21/(-9)) is divided by 9?
6
Suppose -5 = -2*o + 3. Suppose -5*x - o = -74. Calculate the remainder when (-9)/((-54)/104)*(-6)/(-4) is divided by x.
12
What is the remainder when 121 is divided by (-864)/(-28) - 2/(-14)?
28
Let g(o) = -6*o**2 + 2. Let x be g(-3). Let c = -29 - x. Calculate the remainder when c is divided by 12.
11
Let g = 2 - -17. Let d = -11 + g. Suppose -1 + d = x. What is the remainder when x is divided by 4?
3
Suppose 3*w = 2*m + 2*m - 14, 0 = -4*w + 5*m - 17. Let t = w - -5. Calculate the remainder when 13 is divided by t.
6
Suppose -n = 3*n - 60. What is the remainder when 74 is divided by n?
14
Suppose -3*u - 75 = -8*u. Let r(l) = l + 15. Let f be r(-13). Suppose 5*d = 3*x + 7 + 41, -f*d + 17 = x. What is the remainder when u is divided by d?
6
Let y(n) = -n + 5. Let a be y(5). Let h(s) = a*s + 6 - 3*s + 0*s + 2*s. Calculate the remainder when 21 is divided by h(-6).
9
What is the remainder when -6*(-176)/(-18)*(-9)/6 is divided by 15?
13
What is the remainder when 25 is divided by (-10)/(350/(-567)) + 2/(-10)?
9
Suppose 0 = -3*h + 5*h. Suppose -g + h = -2. What is the remainder when 4 is divided by g?
0
What is the remainder when ((-21)/4)/((165/(-40))/11) is divided by 9?
5
Suppose 0 = -4*b + 12, -o - 2*o = -3*b + 6. Let n be 1/(-2) + (-39)/6. Let h = o - n. Calculate the remainder when h is divided by 5.
3
Suppose 27*c - 825 = 16*c. What is the remainder when c is divided by 16?
11
Suppose 3*x = -5*b - 40, -5*x + 0*b - 35 = 2*b. Let u = -2 - x. What is the remainder when 8 is divided by u/(-3)*1*-5?
3
Let j = -55 - -79. Calculate the remainder when 46 is divided by j.
22
Let y(c) = c**3 - 5*c + 2. Let q be (-3)/(-9) - 58/(-6). Suppose 2*d - q = -2. Calculate the remainder when y(3) is divided by d.
2
What is the remainder when ((-56)/(-20) - -6)/(4/10) is divided by 6?
4
Let n(i) = i**2 + 3*i + 1. Let j be 3/(-1*(-9)/(-6)). Calculate the remainder when j + (12 - -2) + -3 is divided by n(-4).
4
Let x(h) = -h**2. Let l be x(3). Let f = 4 + l. Let a = 7 - f. What is the remainder when 22 is divided by a?
10
Let u(z) = 2*z**3 - 4*z**2 + 1. Let y(q) = 3*q**2 - 5*q + 4. What is the remainder when y(5) is divided by u(3)?
16
Let d be ((-5)/10)/((-2)/(-4)). Let y be (0 + d)*2*-1. Suppose -3 = -y*z + z. What is the remainder when 8 is divided by z?
2
Let x = 129 + -124. What is the remainder when 18 + (0 - 0/(-2)) is divided by x?
3
Let i = 35 - 1. Let b = 107 + -95. What is the remainder when i is divided by b?
10
Let s = 187 + -174. Suppose -5*r - 5 = -0*r, 2*u = -2*r + 48. Calculate the remainder when u is divided by s.
12
Let q(c) = c**2 + 3*c - 4. Let u be q(-5). What is the remainder when (-160)/u*3/(-2) is divided by 14?
12
Suppose 3*s + 9 = 6*s. Let n = s + 5. Calculate the remainder when 22 is divided by n.
6
Calculate the remainder when (-8)/4 - -23 - 2 is divided by 11.
8
Let w = 0 + -6. Let c(z) = -3*z - 6. Suppose -3*n + 39 = -27. Calculate the remainder when n is divided by c(w).
10
Let n(d) = 5*d - 5. Calculate the remainder when 72 is divided by n(6).
22
Suppose 12 = 4*a - 2*a. Suppose -k = -5 - a. What is the remainder when 42 is divided by k?
9
Suppose -4*r + 9 = -r. Suppose u - 3 = -4*b, -r*u + 2*u + 3*b = -38. Calculate the remainder when u is divided by 8.
7
Suppose -4*l + 63 = -3*l - 4*p, -99 = -2*l - p. Suppose l + 39 = 2*t. What is the remainder when t is divided by (6/2)/((-6)/(-46))?
22
Suppose 4*q = 8*q - 44. Suppose -4*c + l = -2*l - 108, 5*l - 110 = -3*c. What is the remainder when c is divided by q?
8
Suppose -1 = -3*q + 8. Suppose 2*s - 5*j = -2*j + 3, -s + q*j = 3. Calculate the remainder when 23 is divided by s.
5
Let t = -46 -